highest common factor of c and 56.
14
Let q be ((-40)/(-25))/(2/20). Suppose 0*v - 3*v = r + q, -4*r + 4*v = 64. Let d be ((-24)/r)/((-3)/(-12)). Calculate the greatest common divisor of 12 and d.
6
Let w = -10586 - -22297. What is the highest common divisor of w and 239?
239
Suppose 186*a - 20 = 181*a. Let h be -2 + 36 + 8 - a. What is the greatest common divisor of 722 and h?
38
Suppose -19*u - 22 = 35. Let g be u*(-15)/9*114/10. Calculate the highest common divisor of 133 and g.
19
Suppose -2*j + b = 3*b + 4, 3*j - b = 10. Suppose -16 = -q - j*p, 4*q - 5*p - 4 = 21. Suppose -q - 3 = -u. What is the highest common divisor of 143 and u?
13
Let z(p) = -2*p**2 - 3*p - 24. Let t be z(6). Let d = t + 116. Calculate the greatest common factor of 26 and d.
2
Let m(b) = -13*b**2 - 10*b - 46. Let t(v) = -8*v**2 - 5*v - 23. Let d(c) = 3*m(c) - 5*t(c). Let q be d(8). What is the highest common divisor of q and 4?
1
Suppose p + 3*s - 28 = 48, -5*s = 5*p - 400. Let t = p - 77. Suppose -4 = n + 2*l, -t*l = -3*n + 2 + 41. Calculate the greatest common divisor of n and 66.
6
Suppose 208*h = 49237 + 12955. Calculate the greatest common factor of h and 247.
13
Let f(m) = -m**3 - 6*m**2 + 6*m + 11. Let y be f(-10). Let p = y - 316. What is the highest common factor of p and 35?
35
Suppose -11*s = -6*s - 30. Suppose 5*m + s - 1 = -2*u, 3*u - m = -33. Let g be ((-4)/u)/(40/500). What is the highest common divisor of 15 and g?
5
Let o be (-10)/12 - (-250)/300. Suppose -2*a + 4*i + 420 = o, 627 = 3*a + 20*i - 23*i. Calculate the greatest common divisor of 16 and a.
16
Suppose 53*a = 55*a - 288. Let j = 156 - a. Suppose 7*o - 3*o = 96. What is the highest common factor of j and o?
12
Let s = -36 - -41. Suppose -2*i = m - 4, 28 = s*i - 6*m + 4*m. Let y = 17 + -7. What is the highest common divisor of y and i?
2
Suppose -4*z = -3*z - 7. Let p be 789/z + 2/7. Suppose 4*u + 53 - p = 0. Calculate the highest common factor of 5 and u.
5
Suppose q = 2*t + 172, -4*q + 136*t = 138*t - 638. Calculate the greatest common factor of q and 72.
18
Suppose 4*r + 60 = r. Let q be ((-2)/5)/(2/r). Let x be 11 - q/((-20)/(-15)). What is the highest common factor of x and 20?
4
Suppose 131 = 4*r - 37. Suppose -63*d - 32 = 94. Let i be (-329)/(-141)*(24/(-2))/d. What is the highest common divisor of r and i?
14
Suppose -2*o - 167 = -1561. Suppose 31*l + 136 + 2693 = 100*l. Calculate the highest common factor of l and o.
41
Suppose -3*q - 21 = -27. Suppose 21 = -q*j - 3*y - 2*y, -3*y - 21 = 4*j. Let m be -4 - 0 - -76 - j. Calculate the highest common factor of m and 15.
15
Let l = 3219 + -2400. What is the greatest common factor of l and 441?
63
Suppose 0 = a + a + 4. Let j be (-3280)/(-50) - (0 - a/(-5)). Let w = -65 + j. Calculate the greatest common factor of 5 and w.
1
Let n(q) = -11*q**2 + 62*q + 22. Let y(o) = 1. Let k(l) = -n(l) - 2*y(l). Let h be k(8). What is the greatest common factor of h and 8?
8
Let y be 1/((-2)/(-400)) + 5. Suppose -z - 43 = -y. Let q = 12 + 6. What is the greatest common factor of q and z?
18
Let t be 414/12*720/8. What is the greatest common divisor of 27 and t?
27
Let g be 3 + (-3)/(-9)*3*0. Suppose -w - 1 = -6*d + d, -w - 1 = g*d. Let x(v) = v**2 + 5*v + 2. Let k be x(d). Calculate the greatest common factor of 32 and k.
2
Suppose -y + f = -1364, 122*f + 6814 = 5*y + 120*f. What is the highest common factor of 48 and y?
6
Suppose 4*j + 210 = w + w, -3*j + 5*w - 147 = 0. Let i be (2 + 296/(-12))/(4/j). Suppose -254 - i = -4*s. What is the highest common divisor of s and 20?
20
Let r(q) = 2*q**2 - q + 2. Let j be r(0). Suppose -3*x + 11 = 2*s, j*s - 6 = -x - 5. Calculate the highest common divisor of x and 355.
5
Let y be ((-52560)/25)/(-12) - 2/10. Suppose 3*q + 94 = 304. What is the greatest common factor of y and q?
35
Suppose -8 = -4*h + 12. Let v(t) = -93 + 5 - 2*t + 110 + 88. Let q be v(45). What is the greatest common factor of q and h?
5
Suppose 555 = l - 3*h, 7*h = -5*l + 8*h + 2817. What is the greatest common factor of 24 and l?
12
Let b = 3427 + -2751. Calculate the greatest common divisor of 8 and b.
4
Suppose 2*z - 8 - 96 = 5*o, o - 152 = -2*z. Let c = -2 - -11. Calculate the greatest common factor of c and z.
9
Let u = -85 + 120. Let d = 900 + -886. Suppose q = -5*f + d, 5*q - 5*f = 42 + 28. What is the greatest common divisor of q and u?
7
Let r be (-682)/(-220) - (2/20 + 0). Let v be ((-4)/10)/((-5)/300). Calculate the greatest common divisor of v and r.
3
Let h = -205 - -198. Let x(y) = -14*y - 8. Let q be x(h). What is the greatest common divisor of 18 and q?
18
Suppose -4*a + p + 21 = 0, 3*a + p - 2 = 12. Let x(y) = -y**2 + 21*y - 50. Let u be x(15). Calculate the greatest common divisor of a and u.
5
Let d = -452 + 408. Suppose -q - 2*q - 348 = 0. Let a = d - q. Calculate the greatest common factor of a and 8.
8
Let h be 36/(-66)*1 + (-736278)/(-451). Calculate the highest common divisor of 357 and h.
51
Let w(s) = -76*s + 104. Let v be w(3). Suppose 3*d + 115 = -194. Let u = d - v. Calculate the highest common factor of u and 63.
21
Suppose 469 - 64 = 24*m - 315. Calculate the highest common divisor of m and 3042.
6
Let i(z) = -2*z**2 - 2*z + 21. Let u be i(11). Let d = -88 - u. Suppose -2*w - 3*w = f - d, 4*w - 2*f = 110. What is the highest common factor of 15 and w?
15
Let w(c) = c**3 + 21*c**2 - 35*c + 11. Let i(k) = k**2 + 1. Let b(z) = -6*i(z) + w(z). Let v be b(-17). Calculate the highest common factor of v and 66.
22
Let z be -66*(-1 + (-4)/6). Let x(f) = 20*f + 330. Let k = 673 - 689. Let y be x(k). What is the greatest common divisor of z and y?
10
Let u(v) = -2*v**2 + 65*v + 261. Let i be u(35). Calculate the greatest common factor of i and 10.
2
Suppose 0 = 106*f - 111*f + 10150. Calculate the greatest common factor of f and 29.
29
Let y(n) = 2*n**2 + 234*n + 2063. Let z be y(-9). Let w(f) = 6*f + 2. Let s be w(2). Calculate the highest common divisor of s and z.
7
Suppose 2 = 2*h + 4*t, 0 = 10*h - 7*h - 2*t - 11. Suppose 5*s = 5*r - h*r - 71, -3*s - 37 = -r. Calculate the greatest common factor of r and 1204.
28
Suppose 4*b + 1 = 4*t - 39, -4*t + 43 = -b. Let a = t - 8. Suppose 4*i = -a*m + 58, 0*i = -5*m + 3*i + 116. Calculate the greatest common divisor of 44 and m.
22
Suppose 3*x - 92 = 7*x. Let i = x - -66. Let t = 27 + 360. What is the highest common factor of t and i?
43
Suppose 29*d = 20*d - 71*d + 3520. What is the highest common divisor of 1969 and d?
11
Let q be ((-1)/(-4)*-3)/((-6)/(-504)). Let x = q - -65. Let t be x/6 + (-286)/(-6). What is the highest common factor of t and 32?
16
Suppose -3*x = -2*b - 871, -5*x = -16*b + 20*b - 1437. Calculate the greatest common factor of 306 and x.
17
Let p = 9076 - 7342. Calculate the greatest common divisor of 2 and p.
2
Let r = 4998 - 4762. Calculate the highest common factor of 20 and r.
4
Suppose -2*j - 2*j = -2*r + 228, -5*j = -15. Calculate the highest common divisor of 90 and r.
30
Let r be (-21318)/(-26) - 49/(-637). Calculate the greatest common factor of 574 and r.
82
Let d = -641 + 646. Suppose -d*m = -2*h - 92, 3*m = 7*m + 4*h - 96. Calculate the greatest common divisor of m and 860.
20
Let r be 80/(-35) + 7500/525. What is the highest common factor of 8196 and r?
12
Suppose -5*u + r = -1341, -7*r + 2*r + 237 = u. What is the greatest common divisor of 48 and u?
3
Suppose -9*b - 8 = 19. Let u(g) = -5*g. Let d be u(b). Suppose -2*p = -2*r - 16, -3*r = -p - p + d. Calculate the greatest common divisor of p and 36.
9
Suppose 4*g + 891 = l, 192 = -5*g - 5*l - 953. Let v = -137 - g. Calculate the greatest common divisor of v and 58.
29
Let a(i) = -i**2 - 15*i + 5 - 1 + 72 + 5. Let w be a(-16). What is the greatest common factor of 455 and w?
65
Let b(t) be the first derivative of 5*t**2/2 + 116*t - 202. Let l be b(-10). Calculate the greatest common factor of 858 and l.
66
Let x be 1*4/16*(-2 - -22). Suppose 4*s + 5*l - 625 = 0, -x*s + 3*l + 564 = -245. What is the highest common factor of s and 32?
32
Let k(n) = 2*n**3 - 14*n**2 + 100*n + 9. Let y be k(13). What is the highest common divisor of 141 and y?
47
Let n(b) = 12*b - 19. Let p be n(-31). Let r = 445 + p. What is the highest common divisor of r and 90?
18
Let g = 208 + -103. Let n(l) = -5*l**3 - 4*l